{"id":494,"date":"2013-05-13T14:05:40","date_gmt":"2013-05-13T14:05:40","guid":{"rendered":"http:\/\/juergen.voja.net\/wordpress\/?page_id=494"},"modified":"2020-07-11T21:12:25","modified_gmt":"2020-07-11T21:12:25","slug":"fieldday-2013","status":"publish","type":"page","link":"https:\/\/juergen.voja.net\/wordpress\/?page_id=494","title":{"rendered":"Fieldday 2013"},"content":{"rendered":"<p>So wie auch im Vorjahr fand wieder in Brubbach das diesj\u00e4hrige Vatertagsfieldday statt. Organisatoren sind Heinrich DH3FBT und Inge,\u00a0sowie der\u00a0<a href=\"https:\/\/www.darc.de\/k50\" target=\"_blank\" rel=\"noopener noreferrer\">DARC Ortsverband K50<\/a>.<\/p>\n<p><img loading=\"lazy\" decoding=\"async\" class=\"size-thumbnail wp-image-76 alignleft\" style=\"line-height: 18px;\" alt=\"K1600_IMG_8624\" src=\"https:\/\/juergen.voja.net\/wordpress\/wp-content\/uploads\/K1600_IMG_8624-150x150.jpg\" width=\"150\" height=\"150\" \/>Dort kann man auch Fotos von den bisherigen Fielddays sehen. Rosika DF4WU hat die Webseite sehr sch\u00f6n gestaltet. Vielen Dank \u00a0an alle f\u00fcr Ihren unerm\u00fcdlichen Einsatz. Ich habe mich dort sehr wohl gef\u00fchlt und viel Spa\u00df hatten alle miteinander. Es gab genug Essen und Trinken. \u00a0Auf Gel\u00e4nde des Sportplatzes sind unersch\u00f6pfliche M\u00f6glichkeiten Antennen und Ger\u00e4tschaften auszutesten.<\/p>\n<p>Auch kann man hier mit einem Zelt aufstellen und dort \u00fcbernachten<\/p>\n<p>Dieses Jahr waren wieder 2 St\u00fcck 27m hohe ausfahrbare Masten vor Ort.<\/p>\n<p><a href=\"https:\/\/juergen.voja.net\/wordpress\/?attachment_id=495\" rel=\"attachment wp-att-495\"><img loading=\"lazy\" decoding=\"async\" class=\"alignnone size-medium wp-image-495\" title=\"Harmut DF6PW vor dem eingefahrenen Mast\" alt=\"DSCN0326\" src=\"https:\/\/juergen.voja.net\/wordpress\/wp-content\/uploads\/DSCN0326-300x225.jpg\" width=\"300\" height=\"225\" srcset=\"https:\/\/juergen.voja.net\/wordpress\/wp-content\/uploads\/DSCN0326-300x225.jpg 300w, https:\/\/juergen.voja.net\/wordpress\/wp-content\/uploads\/DSCN0326.jpg 640w\" sizes=\"(max-width: 300px) 100vw, 300px\" \/><\/a> <a href=\"https:\/\/juergen.voja.net\/wordpress\/?attachment_id=500\" rel=\"attachment wp-att-500\"><img loading=\"lazy\" decoding=\"async\" class=\"alignnone size-medium wp-image-500\" title=\"Der SteppIR oben auf dem 27m Mast\" alt=\"DSCN0348\" src=\"https:\/\/juergen.voja.net\/wordpress\/wp-content\/uploads\/DSCN0348-300x225.jpg\" width=\"300\" height=\"225\" srcset=\"https:\/\/juergen.voja.net\/wordpress\/wp-content\/uploads\/DSCN0348-300x225.jpg 300w, https:\/\/juergen.voja.net\/wordpress\/wp-content\/uploads\/DSCN0348.jpg 640w\" sizes=\"(max-width: 300px) 100vw, 300px\" \/><\/a><\/p>\n<p>Daran wurden dann eine SteppIR und 2 x 40m Delta-Loop befestigt.<\/p>\n<p>Hier kann man Heinrich sehen wie er die beide Delta-Loops verbindet.<\/p>\n<p><a href=\"https:\/\/juergen.voja.net\/wordpress\/?attachment_id=496\" rel=\"attachment wp-att-496\"><img loading=\"lazy\" decoding=\"async\" class=\"alignnone size-medium wp-image-496\" title=\"DH3FBT\" alt=\"DSCN0334\" src=\"https:\/\/juergen.voja.net\/wordpress\/wp-content\/uploads\/DSCN0334-300x225.jpg\" width=\"300\" height=\"225\" srcset=\"https:\/\/juergen.voja.net\/wordpress\/wp-content\/uploads\/DSCN0334-300x225.jpg 300w, https:\/\/juergen.voja.net\/wordpress\/wp-content\/uploads\/DSCN0334.jpg 640w\" sizes=\"(max-width: 300px) 100vw, 300px\" \/><\/a><\/p>\n<p>Nun ich hatte auch noch die M\u00f6glichkeit meinen Faltbeam zu testen. Wir haben einen Kurbelmast aufgestellt und daran die Antenne befestigt. Im Hintergrund sieht man mein Zelt.<\/p>\n<p><a href=\"https:\/\/juergen.voja.net\/wordpress\/?attachment_id=502\" rel=\"attachment wp-att-502\"><img loading=\"lazy\" decoding=\"async\" alt=\"DSCN0321\" src=\"https:\/\/juergen.voja.net\/wordpress\/wp-content\/uploads\/DSCN0321-300x225.jpg\" width=\"240\" height=\"180\" \/><\/a>\u00a0<a href=\"https:\/\/juergen.voja.net\/wordpress\/?attachment_id=498\" rel=\"attachment wp-att-498\"><img loading=\"lazy\" decoding=\"async\" title=\"Faltbeam\" alt=\"DSCN0339\" src=\"https:\/\/juergen.voja.net\/wordpress\/wp-content\/uploads\/DSCN0339-300x225.jpg\" width=\"240\" height=\"180\" \/><\/a><\/p>\n<p>Dann habe ich die Diagramme mit dem MiniVNA aufgenommen, sie entsprechen denen, wie ich sie bereits im Beitrag vorher gezeigt habe.<\/p>\n<p>Nun wollte ich mal ausprobieren, wie es sich verh\u00e4lt, wenn ich einen Draht ganz au\u00dfen einziehe und damit das 30m Band anpasse. Eine H\u00fchnerleiter f\u00fchrt zu meinem Koppler und siehe da, das 30m Band l\u00e4sst sich anpassen. Wir h\u00f6ren die Schwedenbaken ganz passabel. Fahren auch mal ein QSO. Es klappt. Sogar 40m geht auch noch, aber das war nicht das Ziel. Daf\u00fcr habe ich eine andere Antenne. Auf dem Bild sieht man sehr sch\u00f6n die Selbstbauh\u00fchnerleiter.<\/p>\n<p><a href=\"https:\/\/juergen.voja.net\/wordpress\/?attachment_id=499\" rel=\"attachment wp-att-499\"><img loading=\"lazy\" decoding=\"async\" title=\"Faltbeam mit H\u00fchnerleiter\" alt=\"DSCN0345\" src=\"https:\/\/juergen.voja.net\/wordpress\/wp-content\/uploads\/DSCN0345-300x225.jpg\" width=\"300\" height=\"225\" \/><\/a><\/p>\n<p>Aber was sagen nun die Diagramme f\u00fcr die B\u00e4nder?<\/p>\n<p><a href=\"https:\/\/juergen.voja.net\/wordpress\/?attachment_id=570\" rel=\"attachment wp-att-570\"><img loading=\"lazy\" decoding=\"async\" class=\"alignnone size-thumbnail wp-image-570\" title=\"20m\" alt=\"20m mit 30m Schleife\" src=\"https:\/\/juergen.voja.net\/wordpress\/wp-content\/uploads\/20m-mit-30m-Schleife-150x150.jpg\" width=\"150\" height=\"150\" \/><\/a> <a href=\"https:\/\/juergen.voja.net\/wordpress\/?attachment_id=568\" rel=\"attachment wp-att-568\"><img loading=\"lazy\" decoding=\"async\" class=\"alignnone size-thumbnail wp-image-568\" title=\"17m\" alt=\"17m mit 30m Schleife\" src=\"https:\/\/juergen.voja.net\/wordpress\/wp-content\/uploads\/17m-mit-30m-Schleife-150x150.jpg\" width=\"150\" height=\"150\" \/><\/a> <a href=\"https:\/\/juergen.voja.net\/wordpress\/?attachment_id=567\" rel=\"attachment wp-att-567\"><img loading=\"lazy\" decoding=\"async\" class=\"alignnone size-thumbnail wp-image-567\" title=\"15m\" alt=\"15m mit 30m Schleife\" src=\"https:\/\/juergen.voja.net\/wordpress\/wp-content\/uploads\/15m-mit-30m-Schleife-150x150.jpg\" width=\"150\" height=\"150\" \/><\/a><\/p>\n<p><a href=\"https:\/\/juergen.voja.net\/wordpress\/?attachment_id=566\" rel=\"attachment wp-att-566\"><img loading=\"lazy\" decoding=\"async\" class=\"alignnone size-thumbnail wp-image-566\" title=\"12m\" alt=\"12m mit 30m Schleife\" src=\"https:\/\/juergen.voja.net\/wordpress\/wp-content\/uploads\/12m-mit-30m-Schleife-150x150.jpg\" width=\"150\" height=\"150\" \/><\/a> <a href=\"https:\/\/juergen.voja.net\/wordpress\/?attachment_id=565\" rel=\"attachment wp-att-565\"><img loading=\"lazy\" decoding=\"async\" class=\"alignnone size-thumbnail wp-image-565\" title=\"10m\" alt=\"10m mit 30m Schleife\" src=\"https:\/\/juergen.voja.net\/wordpress\/wp-content\/uploads\/10m-mit-30m-Schleife-150x150.jpg\" width=\"150\" height=\"150\" \/><\/a>\u00a0<a href=\"https:\/\/juergen.voja.net\/wordpress\/?attachment_id=573\" rel=\"attachment wp-att-573\"><img loading=\"lazy\" decoding=\"async\" class=\"alignnone size-thumbnail wp-image-573\" title=\"6m\" alt=\"6m mit 30m Schleife\" src=\"https:\/\/juergen.voja.net\/wordpress\/wp-content\/uploads\/6m-mit-30m-Schleife-150x150.jpg\" width=\"150\" height=\"150\" \/><\/a><\/p>\n<p>&nbsp;<\/p>\n<p>&nbsp;<\/p>\n<p>Zum Ende des Fielddays habe ich die Schleife wieder entfernt. Nun gilt es zu \u00fcberlegen was ich mache.<\/p>\n<p>&nbsp;<\/p>\n","protected":false},"excerpt":{"rendered":"<p>So wie auch im Vorjahr fand wieder in Brubbach das diesj\u00e4hrige Vatertagsfieldday statt. Organisatoren sind Heinrich DH3FBT und Inge,\u00a0sowie der\u00a0DARC Ortsverband K50. Dort kann man auch Fotos von den bisherigen Fielddays sehen. Rosika DF4WU hat die Webseite sehr sch\u00f6n gestaltet. &hellip; <a href=\"https:\/\/juergen.voja.net\/wordpress\/?page_id=494\">Weiterlesen <span class=\"meta-nav\">&rarr;<\/span><\/a><\/p>\n","protected":false},"author":1,"featured_media":0,"parent":0,"menu_order":0,"comment_status":"open","ping_status":"closed","template":"","meta":{"footnotes":"","_links_to":"","_links_to_target":""},"class_list":["post-494","page","type-page","status-publish","hentry"],"_links":{"self":[{"href":"https:\/\/juergen.voja.net\/wordpress\/index.php?rest_route=\/wp\/v2\/pages\/494"}],"collection":[{"href":"https:\/\/juergen.voja.net\/wordpress\/index.php?rest_route=\/wp\/v2\/pages"}],"about":[{"href":"https:\/\/juergen.voja.net\/wordpress\/index.php?rest_route=\/wp\/v2\/types\/page"}],"author":[{"embeddable":true,"href":"https:\/\/juergen.voja.net\/wordpress\/index.php?rest_route=\/wp\/v2\/users\/1"}],"replies":[{"embeddable":true,"href":"https:\/\/juergen.voja.net\/wordpress\/index.php?rest_route=%2Fwp%2Fv2%2Fcomments&post=494"}],"version-history":[{"count":32,"href":"https:\/\/juergen.voja.net\/wordpress\/index.php?rest_route=\/wp\/v2\/pages\/494\/revisions"}],"predecessor-version":[{"id":812,"href":"https:\/\/juergen.voja.net\/wordpress\/index.php?rest_route=\/wp\/v2\/pages\/494\/revisions\/812"}],"wp:attachment":[{"href":"https:\/\/juergen.voja.net\/wordpress\/index.php?rest_route=%2Fwp%2Fv2%2Fmedia&parent=494"}],"curies":[{"name":"wp","href":"https:\/\/api.w.org\/{rel}","templated":true}]}}