{"id":767,"date":"2018-05-22T07:02:53","date_gmt":"2018-05-22T07:02:53","guid":{"rendered":"http:\/\/juergen.voja.net\/wordpress\/?page_id=767"},"modified":"2021-01-06T21:41:30","modified_gmt":"2021-01-06T21:41:30","slug":"datenschutzerklaerung","status":"publish","type":"page","link":"https:\/\/juergen.voja.net\/wordpress\/?page_id=767","title":{"rendered":"Datenschutzerkl\u00e4rung"},"content":{"rendered":"<p><strong>Datenschutz<\/strong><\/p>\n<p>Die Betreiber dieser Seiten nehmen den Schutz Ihrer pers\u00f6nlichen Daten sehr ernst. Wir behandeln Ihre personenbezogenen Daten vertraulich und entsprechend der gesetzlichen Datenschutzvorschriften sowie dieser Datenschutzerkl\u00e4rung.<\/p>\n<p>Die Nutzung unserer Website ist in der Regel ohne Angabe personenbezogener Daten m\u00f6glich. Soweit auf unseren Seiten personenbezogene Daten (beispielsweise Name, Anschrift oder E-Mail-Adressen) erhoben werden, erfolgt dies, soweit m\u00f6glich, stets auf freiwilliger Basis. Diese Daten werden ohne Ihre ausdr\u00fcckliche Zustimmung nicht an Dritte weitergegeben.<\/p>\n<p>Wir weisen darauf hin, dass die Daten\u00fcbertragung im Internet (z.B. bei der Kommunikation per E-Mail) Sicherheitsl\u00fccken aufweisen kann. Ein l\u00fcckenloser Schutz der Daten vor dem Zugriff durch Dritte ist nicht m\u00f6glich.<\/p>\n<p><strong>Cookies<\/strong><\/p>\n<p>Die Internetseiten verwenden teilweise so genannte Cookies. Cookies richten auf Ihrem Rechner keinen Schaden an und enthalten keine Viren. Cookies dienen dazu, unser Angebot nutzerfreundlicher, effektiver und sicherer zu machen. Cookies sind kleine Textdateien, die auf Ihrem Rechner abgelegt werden und die Ihr Browser speichert.<\/p>\n<p>Die meisten der von uns verwendeten Cookies sind so genannte \u201cSession-Cookies\u201d. Sie werden nach Ende Ihres Besuchs automatisch gel\u00f6scht. Andere Cookies bleiben auf Ihrem Endger\u00e4t gespeichert bis Sie diese l\u00f6schen. Diese Cookies erm\u00f6glichen es uns, Ihren Browser beim n\u00e4chsten Besuch wiederzuerkennen.<\/p>\n<p>Sie k\u00f6nnen Ihren Browser so einstellen, dass Sie \u00fcber das Setzen von Cookies informiert werden und Cookies nur im Einzelfall erlauben, die Annahme von Cookies f\u00fcr bestimmte F\u00e4lle oder generell ausschlie\u00dfen sowie das automatische L\u00f6schen der Cookies beim Schlie\u00dfen des Browser aktivieren. Bei der Deaktivierung von Cookies kann die Funktionalit\u00e4t dieser Website eingeschr\u00e4nkt sein.<\/p>\n<p>Cookies, die zur Durchf\u00fchrung des elektronischen Kommunikationsvorgangs oder zur Bereitstellung bestimmter, von Ihnen erw\u00fcnschter Funktionen (z.B. Warenkorbfunktion) erforderlich sind, werden auf Grundlage von Art. 6 Abs. 1 lit. f DSGVO gespeichert. Der Websitebetreiber hat ein berechtigtes Interesse an der Speicherung von Cookies zur technisch fehlerfreien und optimierten Bereitstellung seiner Dienste. Soweit andere Cookies (z.B. Cookies zur Analyse Ihres Surfverhaltens) gespeichert werden, werden diese in dieser Datenschutzerkl\u00e4rung gesondert behandelt.<\/p>\n<p><strong>Server-Log-Files<\/strong><\/p>\n<p>Der Provider der Seiten erhebt und speichert automatisch Informationen in so genannten Server-Log Files, die Ihr Browser automatisch an uns \u00fcbermittelt. Dies sind:<\/p>\n<ul>\n<li class=\"level1\">\n<div class=\"li\">Browsertyp und Browserversion<\/div>\n<\/li>\n<li class=\"level1\">\n<div class=\"li\">verwendetes Betriebssystem<\/div>\n<\/li>\n<li class=\"level1\">\n<div class=\"li\">Referrer\u00a0<abbr title=\"Uniform Resource Locator\">URL<\/abbr><\/div>\n<\/li>\n<li class=\"level1\">\n<div class=\"li\">Hostname des zugreifenden Rechners<\/div>\n<\/li>\n<li class=\"level1\">\n<div class=\"li\">Uhrzeit der Serveranfrage<\/div>\n<\/li>\n<\/ul>\n<p>Diese Daten sind nicht bestimmten Personen zuordenbar. Eine Zusammenf\u00fchrung dieser Daten mit anderen Datenquellen wird nicht vorgenommen. Wir behalten uns vor, diese Daten nachtr\u00e4glich zu pr\u00fcfen, wenn uns konkrete Anhaltspunkte f\u00fcr eine rechtswidrige Nutzung bekannt werden. Die Server-Log Files werden f\u00fcr 7 Tage in einem rollierenden Verfahren gespeichert und die \u00e4ltesten Dateien automatisch entfernt. Eine Datensicherung der Server-Log Files findet nicht statt.<\/p>\n<p><strong>Widerspruch Werbe-Mails<\/strong><\/p>\n<p>Der Nutzung von im Rahmen der Impressumspflicht ver\u00f6ffentlichten Kontaktdaten zur \u00dcbersendung von nicht ausdr\u00fccklich angeforderter Werbung und Informationsmaterialien wird hiermit widersprochen. Die Betreiber der Seiten behalten sich ausdr\u00fccklich rechtliche Schritte im Falle der unverlangten Zusendung von Werbeinformationen, etwa durch Spam-E-Mails, vor.<\/p>\n<h3>Google Web Fonts<\/h3>\n<p>Diese Seite nutzt zur einheitlichen Darstellung von Schriftarten so genannte Web Fonts, die von Google bereitgestellt werden. Beim Aufruf einer Seite l\u00e4dt Ihr Browser die ben\u00f6tigten Web Fonts in ihren Browsercache, um Texte und Schriftarten korrekt anzuzeigen.<\/p>\n<p>Zu diesem Zweck muss der von Ihnen verwendete Browser Verbindung zu den Servern von Google aufnehmen. Hierdurch erlangt Google Kenntnis dar\u00fcber, dass \u00fcber Ihre IP-Adresse unsere Website aufgerufen wurde. Die Nutzung von Google Web Fonts erfolgt im Interesse einer einheitlichen und ansprechenden Darstellung unserer Online-Angebote. Dies stellt ein berechtigtes Interesse im Sinne von Art. 6 Abs. 1 lit. f DSGVO dar.<\/p>\n<p>Wenn Ihr Browser Web Fonts nicht unterst\u00fctzt, wird eine Standardschrift von Ihrem Computer genutzt.<\/p>\n<p>Weitere Informationen zu Google Web Fonts finden Sie unter\u00a0<a href=\"https:\/\/developers.google.com\/fonts\/faq\" target=\"_blank\" rel=\"noopener noreferrer\">https:\/\/developers.google.com\/fonts\/faq<\/a>\u00a0und in der Datenschutzerkl\u00e4rung von Google:\u00a0<a href=\"https:\/\/www.google.com\/policies\/privacy\/\" target=\"_blank\" rel=\"noopener noreferrer\">https:\/\/www.google.com\/policies\/privacy\/<\/a>.<\/p>\n<p>Quelle: e-recht24.de<\/p>\n<p>&nbsp;<\/p>\n<p>&lt;h2&gt;Datenschutzbestimmungen zum Einsatz und Verwendung von gratis-besucherzaehler.de&lt;\/h2&gt;<br \/>\n&lt;p&gt;Der f\u00fcr die Verarbeitung Verantwortliche hat auf dieser Webseite einen Besucherz\u00e4hler von &lt;a href=&#8220;https:\/\/www.gratis-besucherzaehler.de&#8220;&gt;gratis-besucherzaehler.de&lt;\/a&gt; integriert. gratis-besucherzaehler.de ist eine deutsche Webseite die Besucherz\u00e4hler f\u00fcr die Nutzung auf der eigenen Webseite anbietet. Ein Besucherz\u00e4hler erfasst Daten dar\u00fcber, wann eine betroffene Person auf eine Webseite gekommen ist (sogenannter Timestamp) und mit welcher IP-Adresse (in gek\u00fcrzter Form) der Zugriff erfolgte.&lt;\/p&gt;<br \/>\n&lt;p&gt;Ein Besucherz\u00e4hler wird zur Bestimmung der Anzahl der Zugriffe auf der eigenen Webseite eingesetzt.&lt;\/p&gt;<br \/>\n&lt;p&gt;Kontaktdaten von gratis-besucherzaehler.de finden Sie hier: &lt;a href=&#8220;https:\/\/www.gratis-besucherzaehler.de\/impressum&#8220;&gt;Kontaktdaten&lt;\/a&gt;&lt;\/p&gt;<br \/>\n&lt;p&gt;Der Zweck des Besucherz\u00e4hlers ist das Z\u00e4hlen der Besucherstr\u00f6me auf unserer Webseite. gratis-besucherzaehler.de nutzt die gewonnenen Daten und Informationen dazu, die Anzahl der Nutzer unserer Webseite eindeutig zu bestimmen, um f\u00fcr uns ein Widget bereitzustellen, welches die Aktivit\u00e4ten auf unserer Webseite aufzeigt und das wir sichtbar bei uns auf der Webseite einbinden k\u00f6nnen.&lt;\/p&gt;<br \/>\n&lt;p&gt;gratis-besucherzaehler.de setzt ein Cookie, eine kleine Textdateien, die lokal im Zwischenspeicher des Internet-Browsers des Seitenbesuchers gespeichert werden, auf dem System (Computer, Smartphone, u. \u00c4.) der betroffenen Person, Mit Setzung des Cookies wird gratis-besucherzaehler.de eine Z\u00e4hlung der Nutzer unserer Webseite erm\u00f6glicht. Durch jeden Aufruf einer der Einzelseiten dieser Webseite, die durch den f\u00fcr die Verarbeitung Verantwortlichen betrieben wird und auf welcher ein Besucherz\u00e4hler von gratis-besucherzaehler.de integriert wurde, wird der Internetbrowser auf dem System der betroffenen Person automatisch durch die jeweiligen Besucherz\u00e4hler veranlasst, Daten zum Zwecke der Z\u00e4hlung an gratis-besucherzaehler.de zu \u00fcbermitteln. Im Rahmen dieses technischen Verfahrens erh\u00e4lt gratis-besucherzaehler.de Kenntnis \u00fcber personenbezogene Daten, wie der IP-Adresse (in gek\u00fcrzter Form) der betroffenen Person, und den Zugriffzeitpunkt die gratis-besucherzaehler.de dazu dienen, die Anzahl der Besucher eindeutig nachzuvollziehen und in der Folge eine korrekte Z\u00e4hlung der Nutzer durchzuf\u00fchren.&lt;\/p&gt;<br \/>\n&lt;p&gt;Die erhobenen Daten werden nicht an Dritte weitergegeben. Die erhobenen Daten werden alle 48 Stunden vollst\u00e4ndig gel\u00f6scht.&lt;\/p&gt;<br \/>\n&lt;p&gt;Die betroffene Person kann die Setzung von Cookies durch unsere Webseite jederzeit mittels einer entsprechenden Einstellung des genutzten Internetbrowsers verhindern und damit der Setzung von Cookies dauerhaft widersprechen. Eine solche Einstellung des genutzten Internetbrowsers w\u00fcrde auch verhindern, dass gratis-besucherzaehler.de ein Cookie auf dem informationstechnologischen System der betroffenen Person setzt. Zudem kann ein von gratis-besucherzaehler.de bereits gesetzter Cookie jederzeit \u00fcber den Internetbrowser gel\u00f6scht werden.&lt;\/p&gt;<br \/>\n&lt;p&gt;Weitere Informationen und die geltenden Datenschutzbestimmungen von gratis-besucherzaehler.de k\u00f6nnen unter &lt;a href=&#8220;https:\/\/www.gratis-besucherzaehler.de\/datenschutz&#8220;&gt;https:\/\/www.gratis-besucherzaehler.de\/datenschutz&lt;\/a&gt; abgerufen werden.&lt;\/p&gt;<\/p>\n","protected":false},"excerpt":{"rendered":"<p>Datenschutz Die Betreiber dieser Seiten nehmen den Schutz Ihrer pers\u00f6nlichen Daten sehr ernst. Wir behandeln Ihre personenbezogenen Daten vertraulich und entsprechend der gesetzlichen Datenschutzvorschriften sowie dieser Datenschutzerkl\u00e4rung. Die Nutzung unserer Website ist in der Regel ohne Angabe personenbezogener Daten m\u00f6glich. &hellip; <a href=\"https:\/\/juergen.voja.net\/wordpress\/?page_id=767\">Weiterlesen <span class=\"meta-nav\">&rarr;<\/span><\/a><\/p>\n","protected":false},"author":1,"featured_media":0,"parent":0,"menu_order":0,"comment_status":"closed","ping_status":"closed","template":"","meta":{"footnotes":"","_links_to":"","_links_to_target":""},"class_list":["post-767","page","type-page","status-publish","hentry"],"_links":{"self":[{"href":"https:\/\/juergen.voja.net\/wordpress\/index.php?rest_route=\/wp\/v2\/pages\/767"}],"collection":[{"href":"https:\/\/juergen.voja.net\/wordpress\/index.php?rest_route=\/wp\/v2\/pages"}],"about":[{"href":"https:\/\/juergen.voja.net\/wordpress\/index.php?rest_route=\/wp\/v2\/types\/page"}],"author":[{"embeddable":true,"href":"https:\/\/juergen.voja.net\/wordpress\/index.php?rest_route=\/wp\/v2\/users\/1"}],"replies":[{"embeddable":true,"href":"https:\/\/juergen.voja.net\/wordpress\/index.php?rest_route=%2Fwp%2Fv2%2Fcomments&post=767"}],"version-history":[{"count":6,"href":"https:\/\/juergen.voja.net\/wordpress\/index.php?rest_route=\/wp\/v2\/pages\/767\/revisions"}],"predecessor-version":[{"id":855,"href":"https:\/\/juergen.voja.net\/wordpress\/index.php?rest_route=\/wp\/v2\/pages\/767\/revisions\/855"}],"wp:attachment":[{"href":"https:\/\/juergen.voja.net\/wordpress\/index.php?rest_route=%2Fwp%2Fv2%2Fmedia&parent=767"}],"curies":[{"name":"wp","href":"https:\/\/api.w.org\/{rel}","templated":true}]}}